{"id":13700,"date":"2024-11-10T16:31:53","date_gmt":"2024-11-10T16:31:53","guid":{"rendered":"https:\/\/ikebanafusung.com\/?post_type=product&#038;p=13700"},"modified":"2025-01-10T01:17:10","modified_gmt":"2025-01-10T01:17:10","slug":"siradisi-cicek","status":"publish","type":"product","link":"https:\/\/ikebanafusung.com\/?product=siradisi-cicek","title":{"rendered":"Yeniden Do\u011fu\u015f-G\u00fcm\u00fc\u015f seri ev dekorasyonu"},"content":{"rendered":"<div>\n<div>\n<div>\n<div id=\"m_-7850423982756986861gmail-tab-description\" role=\"tabpanel\" aria-labelledby=\"tab-title-description\">\n<p>S\u0131rad\u0131\u015f\u0131 \u00e7i\u00e7ek. Yeniden Do\u011fu\u015f Ev dekorasyon \u00e7i\u00e7ekleri. G\u00fcm\u00fc\u015f seri yapay \u00e7i\u00e7ek tasar\u0131m\u0131 ile Bohem ev dekorasyonu. Dekoratif \u00e7i\u00e7ekler ile salon, mutfak, banyo, balkon, antre dekorasyonunuzu tamamlay\u0131n.<\/p>\n<p>Otantik g\u00fcm\u00fc\u015f vazoda k\u0131rm\u0131z\u0131, ye\u015fil, kahverengi yapay \u00e7i\u00e7ek tasar\u0131m\u0131\u00a0ruhunuza sevin\u00e7 kats\u0131n. Renklerin uyumu, dokusu ve armonisi ve \u0130kebana sanat\u0131n\u0131n d\u00fc\u015f\u00fcnd\u00fcrd\u00fckleri ile \u00e7i\u00e7eklerin varl\u0131\u011f\u0131n\u0131 kutluyorum.<\/p>\n<p>Evinizin dekorasyonunda her odan\u0131za uygun aranjman bulabilirsiniz ayr\u0131ca e\u015finize, dostunuza ev hediyesi, do\u011fum g\u00fcn\u00fc hediyesi olarak verebilirsiniz. G\u00fcm\u00fc\u015f seri ev dekorasyonu yapay \u00e7i\u00e7ek tasar\u0131mlar\u0131 gibi bohem tarz\u0131 ev dekorasyonu \u00fcr\u00fcnlerim butik \u00fcr\u00fcnd\u00fcr ve birer tanedir, ayr\u0131ca tasar\u0131m, Japon \u00e7i\u00e7ek d\u00fczenleme sanat\u0131n\u0131n minimalist etkisi ile \u2018az \u00e7oktur ilkesi\u2019ne dayanmaktad\u0131r. S\u0131rad\u0131\u015f\u0131 \u00e7i\u00e7ek evinizde \u00f6zel k\u00f6\u015feler d\u00fczenlemenizde yard\u0131mc\u0131 olur.<\/p>\n<p>Tasar\u0131mdaki stil ikebana nedir? \u0130kebana, kelime anlam\u0131 ile Japon \u00c7i\u00e7ek D\u00fczenleme Sanat\u0131d\u0131r ve di\u011fer \u00e7i\u00e7ek d\u00fczenlemelerinden fark\u0131 bir felsefesi ve tekni\u011fi olmas\u0131d\u0131r. Duygular\u0131m\u0131z\u0131 \u00e7i\u00e7eklerle ifade etme bi\u00e7imidir. Bunun i\u00e7in\u00a0i\u00e7 sesimizin bize s\u00f6ylediklerini dinlemeyi deneyimler ve hissettiklerimizi \u00e7i\u00e7eklerimize yans\u0131t\u0131r\u0131z. Her ikebana tasar\u0131m\u0131n\u0131n bir mesaj\u0131 vard\u0131r. \u0130kebana stili yapay \u00e7i\u00e7ek tasar\u0131mlar\u0131nda \u00e7i\u00e7eklerimize anlamlar y\u00fckleriz, \u00f6rne\u011fin tomurcuklar gelece\u011fi, umutlar\u0131m\u0131z\u0131 simgeler.<\/p>\n<p>\u0130kebana sanat\u0131n\u0131n \u00f6z\u00fc ya\u015fam\u0131 oldu\u011fu gibi kabul etmek, kusurluyu kucaklamak ve g\u00f6r\u00fcnenin arkas\u0131ndaki g\u00f6r\u00fcnmeyeni g\u00f6rmektir. Bu vesile ile ya\u015fam\u0131 \u00e7i\u00e7eklerle kutlarken sahip olduklar\u0131m\u0131za \u015f\u00fckretmektir. Japon \u00c7i\u00e7ek D\u00fczenleme Sanat\u0131 \u00e7i\u00e7eklerin g\u00fczelli\u011finde kendi i\u00e7 g\u00fczelli\u011fimizi ke\u015ffetme yolculu\u011fudur. Do\u011fadaki denge ve d\u00fczenden ilham alan ikebana ile kendi zihin-ruh-beden dengemizi kurabilir ve Dallar\u0131 e\u011fip b\u00fckmeyi \u00f6\u011frenirken kendimizi de \u015fekillendirebiliriz.<\/p>\n<p>Geleneksel ikebanada do\u011fal \u00e7i\u00e7ekler, yapraklar v.s ile kullan\u0131r\u0131z, ancak modern ikebanaya yapay \u00e7i\u00e7ek dahil edebiliriz.. \u0130kebanan\u0131n tarih\u00e7esi 7.yy. uzanmaktad\u0131r. \u0130kebanan\u0131n temelinde Japon estetik anlay\u0131\u015f\u0131 vard\u0131r ve Zen Budizmin etkileri g\u00f6r\u00fcl\u00fcr. Do\u011fadaki denge, d\u00fczen ve ahenkten ilham alm\u0131\u015ft\u0131r ve odak noktas\u0131 insand\u0131r. Ki\u015fisel geli\u015fim yollar\u0131ndan biridir ve \u0130kebana yapan ki\u015fi terapiye girmi\u015fcesine rahatlar.<\/p>\n<p>\u00d6zg\u00fcn ev dekorasyon \u00e7i\u00e7ekleri-G\u00f6n\u00fcl g\u00f6z\u00fc ile g\u00f6rd\u00fc\u011f\u00fcm \u00e7i\u00e7eklerden huzur ve mutluluk enerjisinin y\u00fcre\u011finize akmas\u0131 dile\u011fiyle. Sevgi ve \u00e7i\u00e7ekle kal\u0131n.<\/p>\n<\/div>\n<\/div>\n<\/div>\n<div><\/div>\n<div><\/div>\n<\/div>\n<div><\/div>\n","protected":false},"excerpt":{"rendered":"[caption id=\"attachment_13506\" align=\"alignnone\" width=\"230\"]<img loading=\"lazy\" decoding=\"async\" class=\"size-medium wp-image-13506\" src=\"https:\/\/ikebanafusung.com\/wp-content\/uploads\/2024\/10\/20241019_021016.jpga_-2882091029-e1730594946778-230x300.jpg\" alt=\"G\u00fcm\u00fc\u015f Seri\" width=\"230\" height=\"300\" \/> i.k.000200 Yeniden Do\u011fu\u015f<br \/>30&#215;53 cm. 3750 tl.[\/caption]\n<p>Otantik g\u00fcm\u00fc\u015f vazoda k\u0131rm\u0131z\u0131, ye\u015fil, kahverengi yapay \u00e7i\u00e7ek tasar\u0131m\u0131<\/p>\n<p>&nbsp;<\/p>\n","protected":false},"featured_media":13506,"comment_status":"open","ping_status":"closed","template":"","meta":{"_coblocks_attr":"","_coblocks_dimensions":"","_coblocks_responsive_height":"","_coblocks_accordion_ie_support":"","_crdt_document":"","jetpack_publicize_message":"","jetpack_publicize_feature_enabled":true,"jetpack_social_post_already_shared":false,"jetpack_social_options":{"image_generator_settings":{"template":"highway","default_image_id":0,"font":"","enabled":false},"version":2},"_wpas_customize_per_network":false},"product_brand":[],"product_cat":[694938626],"product_tag":[694938512,694938656,694938633,694938637,694938462,694938544],"class_list":{"0":"post-13700","1":"product","2":"type-product","3":"status-publish","4":"has-post-thumbnail","6":"product_cat-gumus-seri-yapay-cicek-ev-dekorasyonu","7":"product_tag-cicek","8":"product_tag-bohem-dekorasyon","9":"product_tag-ev-dekorasyonu","10":"product_tag-gumus-seri-ev-dekorasyonu-cicekler","11":"product_tag-yapay-cicek","12":"product_tag-yapay-cicek-tasarimi","14":"first","15":"instock","16":"taxable","17":"shipping-taxable","18":"purchasable","19":"product-type-simple"},"yoast_head":"<!-- This site is optimized with the Yoast SEO plugin v27.3 - https:\/\/yoast.com\/product\/yoast-seo-wordpress\/ -->\n<title>S\u0131rad\u0131\u015f\u0131 \u00e7i\u00e7ek.Yeniden Do\u011fu\u015f.G\u00fcm\u00fc\u015f seri ev dekorasyonu<\/title>\n<meta name=\"description\" content=\"S\u0131rad\u0131\u015f\u0131 \u00e7i\u00e7ek.Yeniden Do\u011fu\u015f.G\u00fcm\u00fc\u015f seri ev dekorasyonu. \u0130kebana stili yapay \u00e7i\u00e7ek tasar\u0131m\u0131. Dekoratif \u00e7i\u00e7ek. Bohem ev dekorasyonu.\" \/>\n<meta name=\"robots\" content=\"index, follow, max-snippet:-1, max-image-preview:large, max-video-preview:-1\" \/>\n<link rel=\"canonical\" href=\"https:\/\/ikebanafusung.com\/?product=siradisi-cicek\" \/>\n<meta property=\"og:locale\" content=\"tr_TR\" \/>\n<meta property=\"og:type\" content=\"article\" \/>\n<meta property=\"og:title\" content=\"S\u0131rad\u0131\u015f\u0131 \u00e7i\u00e7ek.Yeniden Do\u011fu\u015f.G\u00fcm\u00fc\u015f seri ev dekorasyonu\" \/>\n<meta property=\"og:description\" content=\"S\u0131rad\u0131\u015f\u0131 \u00e7i\u00e7ek.Yeniden Do\u011fu\u015f.G\u00fcm\u00fc\u015f seri ev dekorasyonu. \u0130kebana stili yapay \u00e7i\u00e7ek tasar\u0131m\u0131. Dekoratif \u00e7i\u00e7ek. Bohem ev dekorasyonu.\" \/>\n<meta property=\"og:url\" content=\"https:\/\/ikebanafusung.com\/?product=siradisi-cicek\" \/>\n<meta property=\"og:site_name\" content=\"F\u00dcSUN\u2019UN G\u00d6Z\u00dcNDEN\" \/>\n<meta property=\"article:modified_time\" content=\"2025-01-10T01:17:10+00:00\" \/>\n<meta property=\"og:image\" content=\"https:\/\/ikebanafusung.com\/wp-content\/uploads\/2024\/10\/20241019_021016.jpga_-2882091029-e1730594946778.jpg\" \/>\n\t<meta property=\"og:image:width\" content=\"786\" \/>\n\t<meta property=\"og:image:height\" content=\"1024\" \/>\n\t<meta property=\"og:image:type\" content=\"image\/jpeg\" \/>\n<meta name=\"twitter:card\" content=\"summary_large_image\" \/>\n<meta name=\"twitter:label1\" content=\"Tahmini okuma s\u00fcresi\" \/>\n\t<meta name=\"twitter:data1\" content=\"2 dakika\" \/>\n<script type=\"application\/ld+json\" class=\"yoast-schema-graph\">{\"@context\":\"https:\\\/\\\/schema.org\",\"@graph\":[{\"@type\":\"WebPage\",\"@id\":\"https:\\\/\\\/ikebanafusung.com\\\/?product=siradisi-cicek\",\"url\":\"https:\\\/\\\/ikebanafusung.com\\\/?product=siradisi-cicek\",\"name\":\"S\u0131rad\u0131\u015f\u0131 \u00e7i\u00e7ek.Yeniden Do\u011fu\u015f.G\u00fcm\u00fc\u015f seri ev dekorasyonu\",\"isPartOf\":{\"@id\":\"https:\\\/\\\/ikebanafusung.com\\\/#website\"},\"primaryImageOfPage\":{\"@id\":\"https:\\\/\\\/ikebanafusung.com\\\/?product=siradisi-cicek#primaryimage\"},\"image\":{\"@id\":\"https:\\\/\\\/ikebanafusung.com\\\/?product=siradisi-cicek#primaryimage\"},\"thumbnailUrl\":\"https:\\\/\\\/i0.wp.com\\\/ikebanafusung.com\\\/wp-content\\\/uploads\\\/2024\\\/10\\\/20241019_021016.jpga_-2882091029-e1730594946778.jpg?fit=3013%2C3927&ssl=1\",\"datePublished\":\"2024-11-10T16:31:53+00:00\",\"dateModified\":\"2025-01-10T01:17:10+00:00\",\"description\":\"S\u0131rad\u0131\u015f\u0131 \u00e7i\u00e7ek.Yeniden Do\u011fu\u015f.G\u00fcm\u00fc\u015f seri ev dekorasyonu. \u0130kebana stili yapay \u00e7i\u00e7ek tasar\u0131m\u0131. Dekoratif \u00e7i\u00e7ek. Bohem ev dekorasyonu.\",\"breadcrumb\":{\"@id\":\"https:\\\/\\\/ikebanafusung.com\\\/?product=siradisi-cicek#breadcrumb\"},\"inLanguage\":\"tr\",\"potentialAction\":[{\"@type\":\"ReadAction\",\"target\":[\"https:\\\/\\\/ikebanafusung.com\\\/?product=siradisi-cicek\"]}]},{\"@type\":\"ImageObject\",\"inLanguage\":\"tr\",\"@id\":\"https:\\\/\\\/ikebanafusung.com\\\/?product=siradisi-cicek#primaryimage\",\"url\":\"https:\\\/\\\/i0.wp.com\\\/ikebanafusung.com\\\/wp-content\\\/uploads\\\/2024\\\/10\\\/20241019_021016.jpga_-2882091029-e1730594946778.jpg?fit=3013%2C3927&ssl=1\",\"contentUrl\":\"https:\\\/\\\/i0.wp.com\\\/ikebanafusung.com\\\/wp-content\\\/uploads\\\/2024\\\/10\\\/20241019_021016.jpga_-2882091029-e1730594946778.jpg?fit=3013%2C3927&ssl=1\",\"width\":3013,\"height\":3927,\"caption\":\"Yeniden Do\u011fu\u015f 30x53 cm. 3750 tl.\"},{\"@type\":\"BreadcrumbList\",\"@id\":\"https:\\\/\\\/ikebanafusung.com\\\/?product=siradisi-cicek#breadcrumb\",\"itemListElement\":[{\"@type\":\"ListItem\",\"position\":1,\"name\":\"Home\",\"item\":\"https:\\\/\\\/ikebanafusung.com\\\/\"},{\"@type\":\"ListItem\",\"position\":2,\"name\":\"Ma\u011faza\",\"item\":\"https:\\\/\\\/ikebanafusung.com\\\/?page_id=13163\"},{\"@type\":\"ListItem\",\"position\":3,\"name\":\"Yeniden Do\u011fu\u015f-G\u00fcm\u00fc\u015f seri ev dekorasyonu\"}]},{\"@type\":\"WebSite\",\"@id\":\"https:\\\/\\\/ikebanafusung.com\\\/#website\",\"url\":\"https:\\\/\\\/ikebanafusung.com\\\/\",\"name\":\"\u0130KEBANA\",\"description\":\"\u0130KEBANA - JAPON \u00c7\u0130\u00c7EK D\u00dcZENLEME SANATI\",\"publisher\":{\"@id\":\"https:\\\/\\\/ikebanafusung.com\\\/#\\\/schema\\\/person\\\/ec8fd779f7bc69c31d8e3038991a50f5\"},\"potentialAction\":[{\"@type\":\"SearchAction\",\"target\":{\"@type\":\"EntryPoint\",\"urlTemplate\":\"https:\\\/\\\/ikebanafusung.com\\\/?s={search_term_string}\"},\"query-input\":{\"@type\":\"PropertyValueSpecification\",\"valueRequired\":true,\"valueName\":\"search_term_string\"}}],\"inLanguage\":\"tr\"},{\"@type\":[\"Person\",\"Organization\"],\"@id\":\"https:\\\/\\\/ikebanafusung.com\\\/#\\\/schema\\\/person\\\/ec8fd779f7bc69c31d8e3038991a50f5\",\"name\":\"Inovasyon\",\"image\":{\"@type\":\"ImageObject\",\"inLanguage\":\"tr\",\"@id\":\"https:\\\/\\\/i0.wp.com\\\/ikebanafusung.com\\\/wp-content\\\/uploads\\\/2024\\\/11\\\/cropped-cropped-cropped-Depositphotos_264072518_XL-1.jpg?fit=6013%2C1752&ssl=1\",\"url\":\"https:\\\/\\\/i0.wp.com\\\/ikebanafusung.com\\\/wp-content\\\/uploads\\\/2024\\\/11\\\/cropped-cropped-cropped-Depositphotos_264072518_XL-1.jpg?fit=6013%2C1752&ssl=1\",\"contentUrl\":\"https:\\\/\\\/i0.wp.com\\\/ikebanafusung.com\\\/wp-content\\\/uploads\\\/2024\\\/11\\\/cropped-cropped-cropped-Depositphotos_264072518_XL-1.jpg?fit=6013%2C1752&ssl=1\",\"width\":6013,\"height\":1752,\"caption\":\"Inovasyon\"},\"logo\":{\"@id\":\"https:\\\/\\\/i0.wp.com\\\/ikebanafusung.com\\\/wp-content\\\/uploads\\\/2024\\\/11\\\/cropped-cropped-cropped-Depositphotos_264072518_XL-1.jpg?fit=6013%2C1752&ssl=1\"}}]}<\/script>\n<!-- \/ Yoast SEO plugin. -->","yoast_head_json":{"title":"S\u0131rad\u0131\u015f\u0131 \u00e7i\u00e7ek.Yeniden Do\u011fu\u015f.G\u00fcm\u00fc\u015f seri ev dekorasyonu","description":"S\u0131rad\u0131\u015f\u0131 \u00e7i\u00e7ek.Yeniden Do\u011fu\u015f.G\u00fcm\u00fc\u015f seri ev dekorasyonu. \u0130kebana stili yapay \u00e7i\u00e7ek tasar\u0131m\u0131. Dekoratif \u00e7i\u00e7ek. Bohem ev dekorasyonu.","robots":{"index":"index","follow":"follow","max-snippet":"max-snippet:-1","max-image-preview":"max-image-preview:large","max-video-preview":"max-video-preview:-1"},"canonical":"https:\/\/ikebanafusung.com\/?product=siradisi-cicek","og_locale":"tr_TR","og_type":"article","og_title":"S\u0131rad\u0131\u015f\u0131 \u00e7i\u00e7ek.Yeniden Do\u011fu\u015f.G\u00fcm\u00fc\u015f seri ev dekorasyonu","og_description":"S\u0131rad\u0131\u015f\u0131 \u00e7i\u00e7ek.Yeniden Do\u011fu\u015f.G\u00fcm\u00fc\u015f seri ev dekorasyonu. \u0130kebana stili yapay \u00e7i\u00e7ek tasar\u0131m\u0131. Dekoratif \u00e7i\u00e7ek. Bohem ev dekorasyonu.","og_url":"https:\/\/ikebanafusung.com\/?product=siradisi-cicek","og_site_name":"F\u00dcSUN\u2019UN G\u00d6Z\u00dcNDEN","article_modified_time":"2025-01-10T01:17:10+00:00","og_image":[{"url":"https:\/\/ikebanafusung.com\/wp-content\/uploads\/2024\/10\/20241019_021016.jpga_-2882091029-e1730594946778.jpg","width":786,"height":1024,"type":"image\/jpeg"}],"twitter_card":"summary_large_image","twitter_misc":{"Tahmini okuma s\u00fcresi":"2 dakika"},"schema":{"@context":"https:\/\/schema.org","@graph":[{"@type":"WebPage","@id":"https:\/\/ikebanafusung.com\/?product=siradisi-cicek","url":"https:\/\/ikebanafusung.com\/?product=siradisi-cicek","name":"S\u0131rad\u0131\u015f\u0131 \u00e7i\u00e7ek.Yeniden Do\u011fu\u015f.G\u00fcm\u00fc\u015f seri ev dekorasyonu","isPartOf":{"@id":"https:\/\/ikebanafusung.com\/#website"},"primaryImageOfPage":{"@id":"https:\/\/ikebanafusung.com\/?product=siradisi-cicek#primaryimage"},"image":{"@id":"https:\/\/ikebanafusung.com\/?product=siradisi-cicek#primaryimage"},"thumbnailUrl":"https:\/\/i0.wp.com\/ikebanafusung.com\/wp-content\/uploads\/2024\/10\/20241019_021016.jpga_-2882091029-e1730594946778.jpg?fit=3013%2C3927&ssl=1","datePublished":"2024-11-10T16:31:53+00:00","dateModified":"2025-01-10T01:17:10+00:00","description":"S\u0131rad\u0131\u015f\u0131 \u00e7i\u00e7ek.Yeniden Do\u011fu\u015f.G\u00fcm\u00fc\u015f seri ev dekorasyonu. \u0130kebana stili yapay \u00e7i\u00e7ek tasar\u0131m\u0131. Dekoratif \u00e7i\u00e7ek. Bohem ev dekorasyonu.","breadcrumb":{"@id":"https:\/\/ikebanafusung.com\/?product=siradisi-cicek#breadcrumb"},"inLanguage":"tr","potentialAction":[{"@type":"ReadAction","target":["https:\/\/ikebanafusung.com\/?product=siradisi-cicek"]}]},{"@type":"ImageObject","inLanguage":"tr","@id":"https:\/\/ikebanafusung.com\/?product=siradisi-cicek#primaryimage","url":"https:\/\/i0.wp.com\/ikebanafusung.com\/wp-content\/uploads\/2024\/10\/20241019_021016.jpga_-2882091029-e1730594946778.jpg?fit=3013%2C3927&ssl=1","contentUrl":"https:\/\/i0.wp.com\/ikebanafusung.com\/wp-content\/uploads\/2024\/10\/20241019_021016.jpga_-2882091029-e1730594946778.jpg?fit=3013%2C3927&ssl=1","width":3013,"height":3927,"caption":"Yeniden Do\u011fu\u015f 30x53 cm. 3750 tl."},{"@type":"BreadcrumbList","@id":"https:\/\/ikebanafusung.com\/?product=siradisi-cicek#breadcrumb","itemListElement":[{"@type":"ListItem","position":1,"name":"Home","item":"https:\/\/ikebanafusung.com\/"},{"@type":"ListItem","position":2,"name":"Ma\u011faza","item":"https:\/\/ikebanafusung.com\/?page_id=13163"},{"@type":"ListItem","position":3,"name":"Yeniden Do\u011fu\u015f-G\u00fcm\u00fc\u015f seri ev dekorasyonu"}]},{"@type":"WebSite","@id":"https:\/\/ikebanafusung.com\/#website","url":"https:\/\/ikebanafusung.com\/","name":"\u0130KEBANA","description":"\u0130KEBANA - JAPON \u00c7\u0130\u00c7EK D\u00dcZENLEME SANATI","publisher":{"@id":"https:\/\/ikebanafusung.com\/#\/schema\/person\/ec8fd779f7bc69c31d8e3038991a50f5"},"potentialAction":[{"@type":"SearchAction","target":{"@type":"EntryPoint","urlTemplate":"https:\/\/ikebanafusung.com\/?s={search_term_string}"},"query-input":{"@type":"PropertyValueSpecification","valueRequired":true,"valueName":"search_term_string"}}],"inLanguage":"tr"},{"@type":["Person","Organization"],"@id":"https:\/\/ikebanafusung.com\/#\/schema\/person\/ec8fd779f7bc69c31d8e3038991a50f5","name":"Inovasyon","image":{"@type":"ImageObject","inLanguage":"tr","@id":"https:\/\/i0.wp.com\/ikebanafusung.com\/wp-content\/uploads\/2024\/11\/cropped-cropped-cropped-Depositphotos_264072518_XL-1.jpg?fit=6013%2C1752&ssl=1","url":"https:\/\/i0.wp.com\/ikebanafusung.com\/wp-content\/uploads\/2024\/11\/cropped-cropped-cropped-Depositphotos_264072518_XL-1.jpg?fit=6013%2C1752&ssl=1","contentUrl":"https:\/\/i0.wp.com\/ikebanafusung.com\/wp-content\/uploads\/2024\/11\/cropped-cropped-cropped-Depositphotos_264072518_XL-1.jpg?fit=6013%2C1752&ssl=1","width":6013,"height":1752,"caption":"Inovasyon"},"logo":{"@id":"https:\/\/i0.wp.com\/ikebanafusung.com\/wp-content\/uploads\/2024\/11\/cropped-cropped-cropped-Depositphotos_264072518_XL-1.jpg?fit=6013%2C1752&ssl=1"}}]}},"jetpack_publicize_connections":[],"jetpack_likes_enabled":true,"jetpack_sharing_enabled":true,"jetpack-related-posts":[{"id":13706,"url":"https:\/\/ikebanafusung.com\/?product=ozel-cicek-kirmizi-gulun-ali-var-gumus-seri-ev-dekorasyonu","url_meta":{"origin":13700,"position":0},"title":"K\u0131rm\u0131z\u0131 G\u00fcl\u00fcn Al\u0131 Var G\u00fcm\u00fc\u015f seri ev dekorasyonu","author":"\u0130KEBANA","date":"Kas\u0131m 10, 2024","format":false,"excerpt":"G\u00fcm\u00fc\u015f cam vazoda k\u0131rm\u0131z\u0131, ye\u015fil, g\u00fcm\u00fc\u015f renkli yapay \u00e7i\u00e7ek tasar\u0131m\u0131 \u00a0","rel":"","context":"Benzer yaz\u0131","block_context":{"text":"Benzer yaz\u0131","link":""},"img":{"alt_text":"G\u00fcm\u00fc\u015f seri ev dekorasyonu.","src":"https:\/\/i0.wp.com\/ikebanafusung.com\/wp-content\/uploads\/2024\/10\/20241018_154121.jpga_-1042441957-e1730582341658.jpg?fit=830%2C1200&ssl=1&resize=350%2C200","width":350,"height":200,"srcset":"https:\/\/i0.wp.com\/ikebanafusung.com\/wp-content\/uploads\/2024\/10\/20241018_154121.jpga_-1042441957-e1730582341658.jpg?fit=830%2C1200&ssl=1&resize=350%2C200 1x, https:\/\/i0.wp.com\/ikebanafusung.com\/wp-content\/uploads\/2024\/10\/20241018_154121.jpga_-1042441957-e1730582341658.jpg?fit=830%2C1200&ssl=1&resize=525%2C300 1.5x, https:\/\/i0.wp.com\/ikebanafusung.com\/wp-content\/uploads\/2024\/10\/20241018_154121.jpga_-1042441957-e1730582341658.jpg?fit=830%2C1200&ssl=1&resize=700%2C400 2x"},"classes":[]},{"id":13702,"url":"https:\/\/ikebanafusung.com\/?product=cicek-sepeti-ruya-gibi-gumus-seri-ev-dekorsyonu","url_meta":{"origin":13700,"position":1},"title":"R\u00fcya Gibi &#8212; G\u00fcm\u00fc\u015f seri ev dekorasyonu","author":"\u0130KEBANA","date":"Kas\u0131m 10, 2024","format":false,"excerpt":"\u00a0 Otantik seramik g\u00fcm\u00fc\u015f ayakl\u0131 vazoda k\u0131rm\u0131z\u0131 gri ebruli, gri, ye\u015fil yapay \u00e7i\u00e7ek tasar\u0131m\u0131","rel":"","context":"Benzer yaz\u0131","block_context":{"text":"Benzer yaz\u0131","link":""},"img":{"alt_text":"G\u00fcm\u00fc\u015f Seri ev dekorasyonu.","src":"https:\/\/i0.wp.com\/ikebanafusung.com\/wp-content\/uploads\/2024\/10\/20241018_154542.jpga_.jpg?fit=900%2C1200&ssl=1&resize=350%2C200","width":350,"height":200,"srcset":"https:\/\/i0.wp.com\/ikebanafusung.com\/wp-content\/uploads\/2024\/10\/20241018_154542.jpga_.jpg?fit=900%2C1200&ssl=1&resize=350%2C200 1x, https:\/\/i0.wp.com\/ikebanafusung.com\/wp-content\/uploads\/2024\/10\/20241018_154542.jpga_.jpg?fit=900%2C1200&ssl=1&resize=525%2C300 1.5x, https:\/\/i0.wp.com\/ikebanafusung.com\/wp-content\/uploads\/2024\/10\/20241018_154542.jpga_.jpg?fit=900%2C1200&ssl=1&resize=700%2C400 2x"},"classes":[]},{"id":13709,"url":"https:\/\/ikebanafusung.com\/?product=banyo-aksesuari-banyomun-cicegi-gumus-seri-ev-dekorasyonu","url_meta":{"origin":13700,"position":2},"title":"Banyo aksesuar\u0131","author":"\u0130KEBANA","date":"Kas\u0131m 10, 2024","format":false,"excerpt":"\u00a0 G\u00fcm\u00fc\u015f seramik bardakta g\u00fcm\u00fc\u015f, ye\u015fil yapay \u00e7i\u00e7ek tasar\u0131m\u0131","rel":"","context":"Benzer yaz\u0131","block_context":{"text":"Benzer yaz\u0131","link":""},"img":{"alt_text":"G\u00fcm\u00fc\u015f Seri","src":"https:\/\/i0.wp.com\/ikebanafusung.com\/wp-content\/uploads\/2024\/10\/20241019_032648.jpga_-3937751141-e1730584527845.jpg?fit=844%2C1200&ssl=1&resize=350%2C200","width":350,"height":200,"srcset":"https:\/\/i0.wp.com\/ikebanafusung.com\/wp-content\/uploads\/2024\/10\/20241019_032648.jpga_-3937751141-e1730584527845.jpg?fit=844%2C1200&ssl=1&resize=350%2C200 1x, https:\/\/i0.wp.com\/ikebanafusung.com\/wp-content\/uploads\/2024\/10\/20241019_032648.jpga_-3937751141-e1730584527845.jpg?fit=844%2C1200&ssl=1&resize=525%2C300 1.5x, https:\/\/i0.wp.com\/ikebanafusung.com\/wp-content\/uploads\/2024\/10\/20241019_032648.jpga_-3937751141-e1730584527845.jpg?fit=844%2C1200&ssl=1&resize=700%2C400 2x"},"classes":[]},{"id":13696,"url":"https:\/\/ikebanafusung.com\/?product=stil-cicek","url_meta":{"origin":13700,"position":3},"title":"Huzur-Alt\u0131n seri","author":"\u0130KEBANA","date":"Kas\u0131m 10, 2024","format":false,"excerpt":"Gold porselen vazoda alt\u0131n, g\u00fcm\u00fc\u015f yapay \u00e7i\u00e7ek tasar\u0131m\u0131 Ev dekorasyonu","rel":"","context":"Benzer yaz\u0131","block_context":{"text":"Benzer yaz\u0131","link":""},"img":{"alt_text":"Ev dekorasyonu. Alt\u0131n \u00e7i\u00e7ek . Dekoratif \u00e7i\u00e7ek","src":"https:\/\/i0.wp.com\/ikebanafusung.com\/wp-content\/uploads\/2024\/11\/20241020_193428-3728199308-e1730603682585.jpg?fit=942%2C1200&ssl=1&resize=350%2C200","width":350,"height":200,"srcset":"https:\/\/i0.wp.com\/ikebanafusung.com\/wp-content\/uploads\/2024\/11\/20241020_193428-3728199308-e1730603682585.jpg?fit=942%2C1200&ssl=1&resize=350%2C200 1x, https:\/\/i0.wp.com\/ikebanafusung.com\/wp-content\/uploads\/2024\/11\/20241020_193428-3728199308-e1730603682585.jpg?fit=942%2C1200&ssl=1&resize=525%2C300 1.5x, https:\/\/i0.wp.com\/ikebanafusung.com\/wp-content\/uploads\/2024\/11\/20241020_193428-3728199308-e1730603682585.jpg?fit=942%2C1200&ssl=1&resize=700%2C400 2x"},"classes":[]},{"id":13660,"url":"https:\/\/ikebanafusung.com\/?product=bohem-cicek-ozel-insana-ozel-cicekler-altin-seri-ev-dekorasyonu","url_meta":{"origin":13700,"position":4},"title":"\u00d6zel \u0130nsana \u00d6zel \u00c7i\u00e7ekler-Alt\u0131n Seri","author":"\u0130KEBANA","date":"Kas\u0131m 10, 2024","format":false,"excerpt":"i.k.000102 \u00d6zel \u0130nsana \u00d6zel \u00c7i\u00e7ekler 23x52 cm 2650 tl. Gold cam vazoda sar\u0131, ekru, alt\u0131n, ye\u015fil yapay \u00e7i\u00e7ek tasar\u0131m\u0131 \u00c7i\u00e7ek Ev dekorasyonu-Alt\u0131n seri yapay \u00e7i\u00e7ek tasar\u0131m\u0131-\u0130kebana stili\u00a0dizayn. Bohem dekorasyon. Dekoratif \u00e7i\u00e7ekler","rel":"","context":"Benzer yaz\u0131","block_context":{"text":"Benzer yaz\u0131","link":""},"img":{"alt_text":"Ev dekorasyonu-Alt\u0131n seri yapay \u00e7i\u00e7ek tasar\u0131m\u0131-\u0130kebana stili\u00a0dizayn. Bohem dekorasyon. Dekoratif \u00e7i\u00e7ekler","src":"https:\/\/i0.wp.com\/ikebanafusung.com\/wp-content\/uploads\/2024\/10\/20241018_144205.jpga_-1884006030-e1730581667587.jpg?fit=1016%2C1200&ssl=1&resize=350%2C200","width":350,"height":200,"srcset":"https:\/\/i0.wp.com\/ikebanafusung.com\/wp-content\/uploads\/2024\/10\/20241018_144205.jpga_-1884006030-e1730581667587.jpg?fit=1016%2C1200&ssl=1&resize=350%2C200 1x, https:\/\/i0.wp.com\/ikebanafusung.com\/wp-content\/uploads\/2024\/10\/20241018_144205.jpga_-1884006030-e1730581667587.jpg?fit=1016%2C1200&ssl=1&resize=525%2C300 1.5x, https:\/\/i0.wp.com\/ikebanafusung.com\/wp-content\/uploads\/2024\/10\/20241018_144205.jpga_-1884006030-e1730581667587.jpg?fit=1016%2C1200&ssl=1&resize=700%2C400 2x"},"classes":[]},{"id":13694,"url":"https:\/\/ikebanafusung.com\/?product=minyatur-cicek-tasarimi-kucumen-altin-seri-ev-dekorasyonu","url_meta":{"origin":13700,"position":5},"title":"K\u00fc\u00e7\u00fcmen  Alt\u0131n seri ev dekorasyonu","author":"\u0130KEBANA","date":"Kas\u0131m 10, 2024","format":false,"excerpt":"Gold cam vazoda minimalist alt\u0131n yapay \u00e7i\u00e7ek tasar\u0131m\u0131 Ev dekorasyonu.Mini yapay \u00e7i\u00e7ek dekorasyonu","rel":"","context":"Benzer yaz\u0131","block_context":{"text":"Benzer yaz\u0131","link":""},"img":{"alt_text":"EV DEKORASYONU. ev aksesuarlar\u0131 Dekoratif objeler","src":"https:\/\/i0.wp.com\/ikebanafusung.com\/wp-content\/uploads\/2024\/11\/20241020_193619.jpga_-767672153-e1730599352499.jpg?fit=829%2C1200&ssl=1&resize=350%2C200","width":350,"height":200,"srcset":"https:\/\/i0.wp.com\/ikebanafusung.com\/wp-content\/uploads\/2024\/11\/20241020_193619.jpga_-767672153-e1730599352499.jpg?fit=829%2C1200&ssl=1&resize=350%2C200 1x, https:\/\/i0.wp.com\/ikebanafusung.com\/wp-content\/uploads\/2024\/11\/20241020_193619.jpga_-767672153-e1730599352499.jpg?fit=829%2C1200&ssl=1&resize=525%2C300 1.5x, https:\/\/i0.wp.com\/ikebanafusung.com\/wp-content\/uploads\/2024\/11\/20241020_193619.jpga_-767672153-e1730599352499.jpg?fit=829%2C1200&ssl=1&resize=700%2C400 2x"},"classes":[]}],"_links":{"self":[{"href":"https:\/\/ikebanafusung.com\/index.php?rest_route=\/wp\/v2\/product\/13700","targetHints":{"allow":["GET"]}}],"collection":[{"href":"https:\/\/ikebanafusung.com\/index.php?rest_route=\/wp\/v2\/product"}],"about":[{"href":"https:\/\/ikebanafusung.com\/index.php?rest_route=\/wp\/v2\/types\/product"}],"replies":[{"embeddable":true,"href":"https:\/\/ikebanafusung.com\/index.php?rest_route=%2Fwp%2Fv2%2Fcomments&post=13700"}],"wp:featuredmedia":[{"embeddable":true,"href":"https:\/\/ikebanafusung.com\/index.php?rest_route=\/wp\/v2\/media\/13506"}],"wp:attachment":[{"href":"https:\/\/ikebanafusung.com\/index.php?rest_route=%2Fwp%2Fv2%2Fmedia&parent=13700"}],"wp:term":[{"taxonomy":"product_brand","embeddable":true,"href":"https:\/\/ikebanafusung.com\/index.php?rest_route=%2Fwp%2Fv2%2Fproduct_brand&post=13700"},{"taxonomy":"product_cat","embeddable":true,"href":"https:\/\/ikebanafusung.com\/index.php?rest_route=%2Fwp%2Fv2%2Fproduct_cat&post=13700"},{"taxonomy":"product_tag","embeddable":true,"href":"https:\/\/ikebanafusung.com\/index.php?rest_route=%2Fwp%2Fv2%2Fproduct_tag&post=13700"}],"curies":[{"name":"wp","href":"https:\/\/api.w.org\/{rel}","templated":true}]}}